e number?
True
Is 659357 prime?
False
Is 22769 a composite number?
False
Is 28387 a prime number?
True
Is 9793 prime?
False
Is 16743 a prime number?
False
Is 1397833 composite?
False
Is 396601 composite?
False
Is 14351 prime?
False
Is 433607 composite?
False
Is 389 a prime number?
True
Is 116479 a prime number?
False
Is 4397 a prime number?
True
Is 53221 composite?
True
Is 53969 a composite number?
True
Is 66053 a prime number?
False
Is 27239 a composite number?
False
Is 13309 a prime number?
True
Is 1238151 a composite number?
True
Is 209861 a composite number?
False
Is 160309 prime?
True
Is 877069 a composite number?
True
Is 61507 a prime number?
True
Is 85781 a composite number?
False
Is 256117 composite?
False
Is 635 a prime number?
False
Is 74411 prime?
True
Is 31007 composite?
True
Is 53881 a prime number?
True
Is 3093 a prime number?
False
Is 19289 prime?
True
Is 459671 a prime number?
True
Is 12793 a prime number?
False
Is 75281 a prime number?
False
Is 7751 a composite number?
True
Is 19181 prime?
True
Is 469 a prime number?
False
Is 45943 a composite number?
False
Is 27133 a prime number?
False
Is 48239 a prime number?
True
Is 119389 composite?
False
Is 1795027 composite?
True
Is 14267 a composite number?
True
Is 133847 a composite number?
True
Is 225867 a composite number?
True
Is 238387 prime?
False
Is 49069 a prime number?
True
Is 4533 prime?
False
Is 527071 composite?
False
Is 5041 composite?
True
Is 294871 a composite number?
True
Is 3239 prime?
False
Is 1428079 prime?
True
Is 21869 composite?
True
Is 35761 prime?
False
Is 28803 composite?
True
Is 25837 prime?
False
Is 55655 a composite number?
True
Is 444167 a composite number?
False
Is 4283 prime?
True
Is 204337 composite?
True
Is 261167 a composite number?
False
Is 1697953 a prime number?
True
Is 36035 a prime number?
False
Is 959993 composite?
True
Is 282253 a prime number?
True
Is 8161 prime?
True
Is 1240349 composite?
True
Is 81509 a prime number?
True
Is 278143 a composite number?
False
Is 6311 a prime number?
True
Is 82757 a composite number?
False
Is 93907 composite?
True
Is 13229 a composite number?
False
Is 3973 a prime number?
False
Is 1347 composite?
True
Is 8663 a composite number?
False
Is 8779 prime?
True
Is 185651 a composite number?
False
Is 518935 a prime number?
False
Is 18409 prime?
False
Is 1911413 a composite number?
True
Is 35201 prime?
True
Is 42821 composite?
False
Is 11839 a prime number?
True
Is 131953 a prime number?
False
Is 185051 a prime number?
True
Is 17707 composite?
False
Is 123206 prime?
False
Is 302557 a prime number?
False
Is 2474183 prime?
True
Is 2557 a prime number?
True
Is 89687 prime?
False
Is 16085 prime?
False
Is 28051 a composite number?
False
Is 513947 a prime number?
False
Is 451947 prime?
False
Is 2271901 prime?
True
Is 17002 a composite number?
True
Is 704137 a composite number?
True
Is 52859 a prime number?
True
Is 79111 a prime number?
True
Is 1361 prime?
True
Is 53707 a prime number?
False
Is 4201 a composite number?
False
Is 56213 a composite number?
True
Is 990881 a composite number?
False
Is 119117 a prime number?
False
Is 762599 composite?
False
Is 1370791 prime?
False
Is 27327 a prime number?
False
Is 987997 prime?
True
Is 61437 prime?
False
Is 852937 prime?
True
Is 10007 composite?
False
Is 1262 a composite number?
True
Is 904583 a prime number?
False
Is 1499 prime?
True
Is 57467 prime?
True
Is 12419 prime?
False
Is 55093 a prime number?
False
Is 692897 composite?
True
Is 377089 composite?
True
Is 9111 composite?
True
Is 2711855 prime?
False
Is 18773 prime?
True
Is 3503 prime?
False
Is 28641 a prime number?
False
Is 109023 a prime number?
False
Is 107303 prime?
False
Is 123767 prime?
False
Is 210391 a prime number?
True
Is 5701 composite?
False
Is 704477 prime?
True
Is 256791 a prime number?
False
Is 33721 a prime number?
True
Is 19841 a prime number?
True
Is 197581 a composite number?
True
Is 30539 prime?
True
Is 598583 a composite number?
True
Is 929939 a prime number?
False
Is 77107 a composite number?
True
Is 448441 prime?
False
Is 152851 a composite number?
False
Is 289873 a prime number?
False
Is 333955 prime?
False
Is 5317 a composite number?
True
Is 1679 a composite number?
True
Is 1396879 prime?
False
Is 533447 a composite number?
False
Is 8465 prime?
False
Is 32449 a prime number?
False
Is 99377 a prime number?
True
Is 9511 composite?
False
Is 35503 a prime number?
False
Is 8977 a composite number?
True
Is 31285 a composite number?
True
Is 14221 prime?
True
Is 341839 a prime number?
True
Is 8513 prime?
True
Is 97421 a composite number?
True
Is 1187 prime?
True
Is 988799 composite?
True
Is 735937 prime?
True
Is 82201 composite?
True
Is 90149 a composite number?
False
Is 10331 composite?
False
Is 1110223 prime?
True
Is 191773 prime?
True
Is 5147 a composite number?
False
Is 11887 a prime number?
True
Is 398414 a composite number?
True
Is 4153 a composite number?
False
Is 154015 prime?
False
Is 64937 a prime number?
True
Is 67211 prime?
True
Is 454683 composite?
True
Is 114259 prime?
True
Is 183119 prime?
True
Is 2631 prime?
False
Is 3057 composite?
True
Is 134419 prime?
False
Is 63719 prime?
True
Is 79087 composite?
False
Is 19069 a composite number?
False
Is 22559 a prime number?
False
Is 628841 a prime number?
True
Is 329354 composite?
True
Is 9863 a composite number?
True
Is 9527 a composite number?
True
Is 16871 prime?
True
Is 46807 a composite number?
False
Is 213011 a prime number?
False
Is 1311733 prime?
True
Is 5919 prime?
False
Is 2251 a composite number?
False
Is 6139 composite?
True
Is 3306277 composite?
True
Is 5257 composite?
True
Is 8747 composite?
False
Is 188173 a composite number?
True
Is 63913 a prime number?
True
Is 870997 a composite number?
False
Is 56089 a prime number?
False
Is 381309 composite?
True
Is 12773 prime?
False
Is 4283 a prime number?
True
Is 3293 composite?
True
Is 67003 prime?
True
Is 16759 a composite number?
False
Is 5351 a prime number?
True
Is 2231 a composite number?
True
Is 5327 a prime number?
False
Is 26279 prime?
False
Is 15551 a composite number?
False
Is 297973 composite?
True
Is 24611 prime?
True
Is 137867 a prime number?
True
Is 53167 composite?
True
Is 15389 a composite number?
True
Is 9407 prime?
False
Is 368263 a prime number?
False
Is 85501 a composite number?
True
Is 144469 prime?
False
Is 916429 composite?
True
Is 2015731 prime?
True
Is 6947 a composite number?
False
Is 68441 a composite number?
True
Is 1593743 a prime number?
True
Is 4583 composite?
False
Is 224045 a composite number?
True
Is 41611 composite?
False
Is 285379 prime?
False
Is 1201 prime?
True
Is 4637 a prime number?
True
Is 180647 a composite number?
False
Is 138049 prime?
False
Is 20443 a composite number?
False
Is 573439 prime?
False
Is 465349 composite?
True
Is 14321 prime?
True
Is 237499 a prime number?
False
Is 81053 composite?
True
Is 8641 a prime number?
True
Is 36823 a prime number?
False
Is 8803 composite?
False
Is 149671 composite?
True
Is 16871 a prime number?
True
Is 396743 composite?
True
Is 6733865 a composite number?
True
Is 18923 prime?
False
Is 11641 a composite number?
True
Is 4327 a prime number?
True
Is 2393 prime?
True
Is 425617 a composite number?
True
Is 9491 composite?
False
Is 31177 prime?
True
Is 483655 composite?
True
Is 1360397 composite?
True
Is 202817 prime?
True
Is 1361 a composite number?
False
Is 16691 a composite number?
False
Is 8578 composite?
True
Is 19289 a composite number?
False
Is 118533 a prime number?
False
Is 378173 a composite number?
True
Is 925761 a prime number?
False
Is 71273 a prime number?
False
Is 1577 a prime number?
False
Is 19777 prime?
True
Is 57917 a composite number?
False
Is 381621 prime?
False
Is 237379 a composite number?
False
Is 12871 composite?
True
Is 189671 prime?
True
Is 140077 a composite number?
True
Is 695219 a prime number?
False
Is 2153 a prime number?
True
Is 3581 a composite number?
False
Is 96847 a prime number?
True
Is 1028389 a composite number?
False
Is 22543 a prime number?
True
Is 66901 prime?
False
Is 24761 prime?
False
Is 24314 a composite number?
True
Is 543863 a composite number?
True
Is 26083 a composite number?
False
Is 12563 prime?
False
Is 564593 prime?
True
Is 40879 composite?
False
Is 8641 prime?
Tr